of 492484?
4
What is the hundreds digit of 5705475?
4
What is the thousands digit of 127894?
7
What is the thousands digit of 1075958?
5
What is the units digit of 7150011?
1
What is the units digit of 4782323?
3
What is the thousands digit of 338504?
8
What is the hundred thousands digit of 209489?
2
What is the hundred thousands digit of 299505?
2
What is the tens digit of 163386?
8
What is the hundreds digit of 9464917?
9
What is the millions digit of 2055548?
2
What is the thousands digit of 60050?
0
What is the thousands digit of 181529?
1
What is the thousands digit of 102301?
2
What is the hundred thousands digit of 22120623?
1
What is the units digit of 10832688?
8
What is the tens digit of 8633891?
9
What is the hundreds digit of 12685680?
6
What is the hundred thousands digit of 1254887?
2
What is the hundred thousands digit of 664588?
6
What is the hundreds digit of 646000?
0
What is the thousands digit of 341097?
1
What is the ten millions digit of 13892934?
1
What is the ten thousands digit of 333207?
3
What is the tens digit of 355770?
7
What is the tens digit of 159295?
9
What is the hundreds digit of 865663?
6
What is the units digit of 1940479?
9
What is the hundreds digit of 410870?
8
What is the hundred thousands digit of 9326842?
3
What is the ten thousands digit of 21856253?
5
What is the ten thousands digit of 952249?
5
What is the units digit of 2235240?
0
What is the tens digit of 1036715?
1
What is the units digit of 2713609?
9
What is the ten millions digit of 13436823?
1
What is the ten thousands digit of 418082?
1
What is the hundreds digit of 97795?
7
What is the ten thousands digit of 1264428?
6
What is the tens digit of 8174292?
9
What is the units digit of 152980?
0
What is the tens digit of 275340?
4
What is the tens digit of 2059885?
8
What is the hundreds digit of 12188321?
3
What is the hundred thousands digit of 125405?
1
What is the hundreds digit of 12712168?
1
What is the units digit of 1103604?
4
What is the thousands digit of 12509617?
9
What is the units digit of 710127?
7
What is the tens digit of 7530702?
0
What is the hundreds digit of 13783083?
0
What is the units digit of 469633?
3
What is the units digit of 17583210?
0
What is the hundreds digit of 33501122?
1
What is the ten millions digit of 11299793?
1
What is the tens digit of 284411?
1
What is the tens digit of 1870774?
7
What is the tens digit of 522950?
5
What is the tens digit of 959331?
3
What is the millions digit of 7065727?
7
What is the hundred thousands digit of 671874?
6
What is the hundred thousands digit of 187552?
1
What is the millions digit of 2868653?
2
What is the hundreds digit of 9459117?
1
What is the units digit of 2395585?
5
What is the hundreds digit of 1226709?
7
What is the units digit of 613027?
7
What is the hundreds digit of 39493?
4
What is the hundreds digit of 345768?
7
What is the thousands digit of 53246?
3
What is the hundreds digit of 21465429?
4
What is the tens digit of 532129?
2
What is the thousands digit of 1217792?
7
What is the units digit of 4227721?
1
What is the units digit of 27263?
3
What is the tens digit of 27274779?
7
What is the hundred thousands digit of 10055148?
0
What is the tens digit of 1365962?
6
What is the hundreds digit of 7408017?
0
What is the millions digit of 1032668?
1
What is the ten thousands digit of 11119466?
1
What is the hundred thousands digit of 116448?
1
What is the hundreds digit of 322103?
1
What is the ten thousands digit of 244348?
4
What is the ten thousands digit of 10501740?
0
What is the hundreds digit of 23126?
1
What is the tens digit of 1149358?
5
What is the units digit of 428893?
3
What is the thousands digit of 346635?
6
What is the ten thousands digit of 824482?
2
What is the units digit of 3233263?
3
What is the thousands digit of 506860?
6
What is the hundreds digit of 2302030?
0
What is the hundreds digit of 8348610?
6
What is the units digit of 2770571?
1
What is the units digit of 513709?
9
What is the hundreds digit of 349462?
4
What is the millions digit of 4160400?
4
What is the thousands digit of 86713?
6
What is the units digit of 13002283?
3
What is the thousands digit of 2152317?
2
What is the tens digit of 2259289?
8
What is the units digit of 219515?
5
What is the hundred thousands digit of 2661351?
6
What is the thousands digit of 3554310?
4
What is the ten thousands digit of 7192163?
9
What is the units digit of 200387?
7
What is the tens digit of 2195008?
0
What is the tens digit of 9543957?
5
What is the hundred thousands digit of 5905322?
9
What is the ten thousands digit of 8997048?
9
What is the hundred thousands digit of 6089808?
0
What is the ten thousands digit of 196271?
9
What is the thousands digit of 318383?
8
What is the millions digit of 4143924?
4
What is the tens digit of 1100966?
6
What is the hundred thousands digit of 941524?
9
What is the ten thousands digit of 74967?
7
What is the millions digit of 1337917?
1
What is the ten thousands digit of 505011?
0
What is the ten thousands digit of 10186721?
8
What is the hundred thousands digit of 1423606?
4
What is the units digit of 13704?
4
What is the thousands digit of 100054?
0
What is the thousands digit of 62079?
2
What is the millions digit of 13938474?
3
What is the hundred thousands digit of 14138166?
1
What is the hundred thousands digit of 320182?
3
What is the units digit of 1367096?
6
What is the ten thousands digit of 254411?
5
What is the tens digit of 225768?
6
What is the ten thousands digit of 1654140?
5
What is the hundreds digit of 1838181?
1
What is the hundreds digit of 49189?
1
What is the hundreds digit of 10989925?
9
What is the units digit of 945016?
6
What is the thousands digit of 1191651?
1
What is the tens digit of 234483?
8
What is the thousands digit of 6033381?
3
What is the hundreds digit of 33433?
4
What is the ten thousands digit of 4384396?
8
What is the millions digit of 1820622?
1
What is the thousands digit of 227899?
7
What is the hundreds digit of 220933?
9
What is the ten thousands digit of 62952?
6
What is the ten thousands digit of 137910?
3
What is the hundreds digit of 438533?
5
What is the tens digit of 327397?
9
What is the millions digit of 7020354?
7
What is the thousands digit of 19872893?
2
What is the millions digit of 5723606?
5
What is the thousands digit of 318409?
8
What is the hundred thousands digit of 205466?
2
What is the hundred thousands digit of 2237432?
2
What is the millions digit of 3710952?
3
What is the hundred thousands digit of 552243?
5
What is the units digit of 271058?
8
What is the thousands digit of 133748?
3
What is the hundreds digit of 431660?
6
What is the hundreds digit of 8469790?
7
What is the hundred thousands digit of 3034861?
0
What is the thousands digit of 835061?
5
What is the tens digit of 9872281?
8
What is the thousands digit of 3807895?
7
What is the units digit of 378695?
5
What is the hundreds digit of 25770?
7
What is the units digit of 272118?
8
What is the thousands digit of 417230?
7
What is the tens digit of 492017?
1
What is the hundreds digit of 4045428?
4
What is the ten thousands digit of 3455590?
5
What is the tens digit of 3248084?
8
What is the tens digit of 13323145?
4
What is the units digit of 560996?
6
What is the millions digit of 2009370?
2
What is the millions digit of 1304839?
1
What is the units digit of 8487?
7
What is the hundred thousands digit of 19081731?
0
What is the units digit of 2129696?
6
What is the thousands digit of 395670?
5
What is the tens digit of 14941295?
9
What is the millions digit of 2598755?
2
What is the ten thousands digit of 211194?
1
What is the units digit of 8350853?
3
What is the tens digit of 192367?
6
What is the tens digit of 2002640?
4
What is the millions digit of 1663699?
1
What is the ten thousands digit of 19539603?
3
What is the hundreds digit of 2326906?
9
What is the units digit of 192623?
3
What is the thousands digit of 7179671?
9
What is the hundreds digit of 14211?
2
What is the hundreds digit of 47959?
9
What is the ten thousands digit of 6912112?
1
What is the thousands digit of 6950755?
0
What is the thousands digit of 6743733?
3
What is the ten millions digit of 14593204?
1
What is the millions digit of 6